is -3176 + 7247?
4051
In base 7, what is -2545166 + -44?
-2545243
In base 6, what is -43111 - 1540?
-45051
In base 16, what is -15c43 + c?
-15c37
In base 16, what is -a + -23c81?
-23c8b
In base 15, what is 110de613 - -2?
110de615
In base 6, what is 22111150 + 142?
22111332
In base 15, what is 15e - 3ba6?
-3a47
In base 9, what is -168 - 457427?
-457606
In base 3, what is 110000 + 210101221001?
210102101001
In base 13, what is -1 + 1802022?
1802021
In base 12, what is a - -65311?
6531b
In base 7, what is -5 + 4152263211?
4152263203
In base 13, what is 4 + 74b7c1?
74b7c5
In base 13, what is -5 - -8ba2982?
8ba297a
In base 12, what is 6564b65 + -1?
6564b64
In base 12, what is a + -b49095?
-b49087
In base 3, what is 11010210111011 - 11?
11010210111000
In base 3, what is 220012120010 - 111?
220012112122
In base 3, what is -11 - 20100010020001022?
-20100010020001110
In base 12, what is -129aa01 + 22?
-129a99b
In base 14, what is b9 + -16c0?
-1605
In base 8, what is -2 - -14356214?
14356212
In base 3, what is -12221021100220020 + -1?
-12221021100220021
In base 13, what is -1 - c198b2?
-c198b3
In base 6, what is 5 + -232001544?
-232001535
In base 5, what is -222 - -1330034233?
1330034011
In base 14, what is -1778 - 1316b?
-14905
In base 10, what is -31 - 225629?
-225660
In base 6, what is -1 - -201131011?
201131010
In base 14, what is 73 - 67980?
-6790b
In base 5, what is 43213442444 + 11?
43213443010
In base 12, what is 2793 - -1143?
3916
In base 2, what is -10010001000011 - -11010111001?
-1110110001010
In base 2, what is 10110010010101 + -10100000111?
10011110001110
In base 16, what is de3ed8 - -a?
de3ee2
In base 7, what is -130030 - -362345?
232315
In base 8, what is 106 + 652265?
652373
In base 16, what is -7c01d0 - -4?
-7c01cc
In base 6, what is 2 + 24055321?
24055323
In base 5, what is -22101110 - -124?
-22100431
In base 3, what is 22011011110112 - 1210?
22011011101202
In base 6, what is 510 + 113530210?
113531120
In base 3, what is -1011002022112200 - 1?
-1011002022112201
In base 2, what is 11100000001111 + -1111011111011?
1100100010100
In base 13, what is -4043b1 - 6?
-4043b7
In base 13, what is 1138 - ac9a9?
-ab871
In base 7, what is 64442224 + -3?
64442221
In base 12, what is -2 + -2982a08?
-2982a0a
In base 7, what is -22025 - 22064?
-44122
In base 8, what is 364 + 14050356?
14050742
In base 3, what is 200210110 + -121020001?
2120102
In base 5, what is -11 - -30042121343?
30042121332
In base 5, what is 40131 - 11130?
24001
In base 7, what is 10110536 - 5?
10110531
In base 4, what is -2100 - -3202031?
3133331
In base 8, what is -44 - -433011?
432745
In base 11, what is 44aa5 - -648?
45642
In base 10, what is 3 + -37413257?
-37413254
In base 13, what is -4ca71 - -7c4?
-4c27a
In base 5, what is 421221 - 1211310?
-240034
In base 5, what is 10 + -22000012004?
-22000011444
In base 14, what is 13 - 4d2757?
-4d2744
In base 12, what is 0 - -84b5258?
84b5258
In base 10, what is -4036287 - 1?
-4036288
In base 15, what is 493ab2a - -a?
493ab35
In base 8, what is -625367 - 336?
-625725
In base 12, what is -42090940 + -2?
-42090942
In base 6, what is -3 + -30115434?
-30115441
In base 14, what is 378 - 1414?
-107a
In base 2, what is -1011 - 111001001000000010010100?
-111001001000000010011111
In base 4, what is -10 - -20002030031?
20002030021
In base 10, what is 33818109 + -1?
33818108
In base 11, what is -27 + -4399862?
-4399889
In base 8, what is -43273524 + 10?
-43273514
In base 11, what is 2789 + 5090?
7869
In base 10, what is 7405701 + -70?
7405631
In base 14, what is 7d37 - -360?
8297
In base 16, what is -2c8 - 2f5d?
-3225
In base 16, what is 25edca - f?
25edbb
In base 13, what is -65 - -1716a5?
171640
In base 4, what is -1002333312 - 12211?
-1003012123
In base 4, what is -22323002 - 11132?
-23000200
In base 5, what is -1100010 + 10220?
-1034240
In base 6, what is 155 + 5053?
5252
In base 5, what is 4 - -103232100102?
103232100111
In base 9, what is -11110 + 117852?
106742
In base 2, what is 10101111101 + -10111011010111?
-10100101011010
In base 7, what is -36121606 - 106?
-36122015
In base 7, what is -5 - 34056111?
-34056116
In base 6, what is 41421153252 + 3?
41421153255
In base 13, what is 456c91 + -2c8?
456996
In base 6, what is 1303045 + -153?
1302452
In base 11, what is -1a3a0 + 138?
-1a263
In base 12, what is 60a8a4020 + -3?
60a8a4019
In base 3, what is -1022212 - 2201201110?
-2210001022
In base 5, what is -4 - -10100300021?
10100300012
In base 3, what is 2002002222222 - 11022?
2002002211200
In base 16, what is 43499e - 12?
43498c
In base 14, what is 28 - -196ba0?
196bc8
In base 8, what is -3 - -527101466?
527101463
In base 15, what is -430b53 + 4?
-430b4e
In base 14, what is -11 - 235961?
-235972
In base 7, what is -10224024 + 611?
-10223113
In base 16, what is -dc + -211770?
-21184c
In base 4, what is 1301032213 - -1211?
1301100030
In base 5, what is -244320 + -3130?
-303000
In base 16, what is 2a2f - -2e?
2a5d
In base 16, what is bf + -318d5?
-31816
In base 6, what is -1055515 + 10311?
-1045204
In base 7, what is -6 - -124062153?
124062144
In base 14, what is -3c5 + d1c3?
cbdc
In base 2, what is 10110010001010 + 1000001110001?
11110011111011
In base 16, what is da5d + 139?
db96
In base 16, what is -3 + -3e8dfb?
-3e8dfe
In base 12, what is -25002b + -16?
-250045
In base 8, what is 10 + 2546045?
2546055
In base 6, what is -2 - -21343023?
21343021
In base 3, what is -200201120100 + 1211212?
-200122201111
In base 13, what is 508851cc + 5?
50885204
In base 5, what is 13400212 - -43?
13400310
In base 11, what is -539 + 3532a?
348a1
In base 5, what is 22230423321 - -3?
22230423324
In base 15, what is 178 + -2099d?
-20825
In base 16, what is -6285 + d21?
-5564
In base 5, what is 23204 - 4140431?
-4112222
In base 10, what is 43 + -6472162?
-6472119
In base 5, what is -3100213 + -1443?
-3102211
In base 4, what is 101 + -1310332013111?
-1310332013010
In base 10, what is -7688 + 369?
-7319
In base 15, what is -a + 36ab74?
36ab69
In base 14, what is -173 + -93312?
-93485
In base 10, what is -8152000 + 0?
-8152000
In base 11, what is 211a9684 + 0?
211a9684
In base 7, what is -3416 - 641413?
-645132
In base 14, what is 12a27 + 672?
13299
In base 4, what is -1 - -323032003?
323032002
In base 6, what is 3530230544 - 11?
3530230533
In base 4, what is 2 + -12330103112?
-12330103110
In base 7, what is 242 + 21045?
21320
In base 2, what is -1011111010110110010011010 - -100?
-1011111010110110010010110
In base 14, what is -9 - -28c4a?
28c41
In base 3, what is 111122122001 - -1001022?
111200200100
In base 8, what is -150 - 145710?
-146060
In base 7, what is -115630506 - -10?
-115630466
In base 5, what is 0 - -11213421031?
11213421031
In base 16, what is -6b7 + -2cb6?
-336d
In base 14, what is -396561 + 32?
-39652d
In base 6, what is 1321 + 12230101?
12231422
In base 14, what is -1c65 + -166?
-1dcb
In base 6, what is 242110225 - 40?
242110145
In base 13, what is -3 + -10513b17?
-10513b1a
In base 7, what is 1514260 + 56?
1514346
In base 10, what is -4068 + 692?
-3376
In base 10, what is 147866 - -5?
147871
In base 2, what is 1001101011000110011 + -100001001100?
1001100110111100111
In base 6, what is -25 - 244211125?
-244211154
In base 7, what is 223 - -156516040?
156516263
In base 8, what is -7610106 + 5?
-7610101
In base 9, what is 2257 - 3551?
-1283
In base 11, what is 679 + -95564?
-94996
In base 12, what is -66a71 - 78?
-66b29
In base 8, what is 105643 + 216?
106061
In base 7, what is -2 - -513651265?
513651263
In base 5, what is 11314 + 34324131?
34341000
In base 2, what is -1111110100100100010101101 + -1111?
-1111110100100100010111100
In base 2, what is 10100101100110 - -10001001101111000?
10011110011011110
In base 10, what is 419 + 67372?
67791
In base 3, what is 102200200201 - -11002102?
102211210010
In base 16, what is 4a92 + -9?
4a89
In base 15, what is -8b5 - 148?
-a0d
In base 8, what is 6 - 5334714?
-5334706
In base 2, what is 11 + -111010111010101111001?
-111010111010101110110
In base 6, what is -15314 - 124454?
-144212
In base 8, what is -402526614 + 2?
-402526612
In base 7, what is 4 - 1000500006?
-1000500002
In base 8, what is -156204 - -30741?
-125243
In base 14, what is 75 - -237d?
2414
In base 8, what is -1 + -112723663?
-112723664
In base 2, wh